**2 - 9*t - 1. Calculate the remainder when k(7) is divided by q(-7).
12
Suppose -4*m = 4*r - 24, -2*r - 3*r + 16 = -2*m. Suppose -m = -l + 4. What is the remainder when 10 is divided by l?
4
Suppose 15 = -0*r + 15*r. Calculate the remainder when r is divided by 1.
0
Suppose -196 + 690 = 19*h. What is the remainder when h is divided by 6?
2
Let k(p) = 4*p**3 + 2*p - 5*p**3 + 6*p**2 + 2*p. Suppose -2*v + 3*j = 0, 3*v = 6*v + 4*j - 34. What is the remainder when k(v) is divided by 13?
11
Suppose -r + 1 = -2*j - 0*j, 2*r + 3*j = 37. Suppose u - 26 = -2*o + 20, -124 = -3*u + o. What is the remainder when u is divided by r?
9
Let f = -23 - -32. What is the remainder when f is divided by 4?
1
Let j = -22 - -35. What is the remainder when 43 is divided by (-1 - 2) + 1 + j?
10
Let y(j) = j**2 + 1. Let c(h) = -7*h**2 + 4*h - 4. Let d(m) = -c(m) - 6*y(m). Calculate the remainder when 38 is divided by d(6).
8
Let q(n) = -n**3 - 2*n**2 + 2*n + 1. Let z be q(-5). Calculate the remainder when (-1 - 0)*2 + z is divided by 13.
12
Let s be 3 - 14/(2/1). Suppose 3*h - 8*h = -85. What is the remainder when (-199)/(-4) - s/16 is divided by h?
16
Let i = -42 + 63. Suppose -2*f + 3*g + 45 = 0, -2*f + 41 = -0*f + g. Suppose -162 - f = -3*y. Calculate the remainder when y is divided by i.
19
What is the remainder when 84 is divided by (-5)/(30/(-246)) - -4?
39
Suppose 5*q - 5*f + 3*f - 53 = 0, -4*f + 11 = 3*q. Calculate the remainder when q is divided by 4.
1
Suppose -9 = -4*n - 1. Suppose 22 = n*h - h. Calculate the remainder when h is divided by 12.
10
Let c = 4 - 2. Suppose 5*q - 59 = c*m, -2*q + 0*m = 5*m - 41. What is the remainder when 50 is divided by q?
11
Calculate the remainder when 74 is divided by (-4 + 34/8)*52.
9
Let j = 161 - 142. What is the remainder when 36 is divided by j?
17
Let a = -6 - -7. Let p be 6/(-21) - (-2)/7. What is the remainder when 25 is divided by p - (a*-13)/1?
12
Suppose 17*o + 390 = 27*o. What is the remainder when 151 is divided by o?
34
Suppose -18 + 16 = -2*v. What is the remainder when 2 is divided by v?
0
Let m(z) = 2*z**2 + 22*z + 3. Calculate the remainder when m(-12) is divided by 10.
7
Suppose 4*s - 78 = -3*t, -4*t - t = 2*s - 46. What is the remainder when s is divided by 11?
7
Suppose -24 = -5*g - 2*a + 12, 0 = -5*g - 5*a + 30. Calculate the remainder when 804/60 + 2/(-15)*3 is divided by g.
5
Let g(h) = h**2 + 2*h - 6. Calculate the remainder when 69 is divided by g(-6).
15
Let t = -33 + 49. Let p = -12 + t. Let j = 6 - 3. What is the remainder when p is divided by j?
1
Let s(u) = 3*u - 3. Let b(k) = -5*k - 7. Calculate the remainder when b(-6) is divided by s(3).
5
Suppose -30*i = -25*i - 625. What is the remainder when i is divided by 26?
21
Let g = -13 + 21. What is the remainder when 14 is divided by g?
6
Let r = -22 - -27. Suppose y - f - 14 = -2*y, r*f = y. Calculate the remainder when 19 is divided by y.
4
What is the remainder when 13 is divided by (-4)/(16/12) + 6?
1
Suppose -4*s + 5*r + 0*r = -289, 0 = 3*s + 5*r - 243. What is the remainder when s is divided by 13?
11
Suppose 30 = 5*g - 0. What is the remainder when (2/(-5))/(2/(-50)) is divided by g?
4
Suppose -18 = -5*j - n, -j + 6*j - 3*n - 6 = 0. What is the remainder when 6 is divided by j?
0
Suppose 5 = -3*s + 2. What is the remainder when 17 is divided by (-5)/(-10)*(13 + s)?
5
Let g = -2 - -8. Let j be 2*((-3)/g + 1). Suppose 4*r + 3*q - j = 0, 3*r + 8 = -3*q - q. What is the remainder when 7 is divided by r?
3
Suppose -4*u - 193 = -6*l + l, 5*l - 3*u = 196. Let n(z) = -4*z - 2. Let b be (3/(-2))/(6/16). What is the remainder when l is divided by n(b)?
13
Suppose -114 = -0*v - 3*v - 3*k, -3*k = -2*v + 81. Suppose -5 = u + 5*q, 2*u + 3*q = 6*q + 29. What is the remainder when v is divided by u?
9
Let v = -1 - -23. What is the remainder when v is divided by 8?
6
Suppose -12 = -4*m, u - 2*m + m - 6 = 0. What is the remainder when 48 is divided by u?
3
Suppose 51 = 5*i + 2*v, 3*v - v + 48 = 4*i. Suppose 5*z + 3*m = 33 - 4, -30 = -4*z + m. Calculate the remainder when i is divided by z.
4
Suppose 3*v = 3*y + 252, 4*y = 2*y + 4. What is the remainder when v is divided by 29?
28
Suppose 5*h = -2*r, -4*r + 2*r = -2*h - 14. Let l = -125 - -137. Calculate the remainder when h/(-5) - 108/(-5) is divided by l.
10
Let w(c) = c - 4. Let l be w(3). Let h be (1/2)/(l/(-6)). Suppose -40 = -h*k - 4. What is the remainder when 23 is divided by k?
11
Let t(l) = -l - l**3 + 2 + 3 - 1 - 5 + l**2. What is the remainder when 24 is divided by t(-2)?
11
Suppose w = 3*s - 31, 4*s + s = -4*w + 29. Let h(j) = j**3 - 3*j**2 + 8*j - 12. Let f be h(s). Calculate the remainder when f/22 + (-4)/(-22) is divided by 13.
12
Suppose 0 = -5*y + 17 + 43. Let f(d) = d - 8. What is the remainder when 15 is divided by f(y)?
3
Suppose -5*o + 103 = -2. Let w be 151/5 + (-12)/60. Suppose -w = -3*l + o. Calculate the remainder when l is divided by 10.
7
Suppose 38 = -9*t + 128. Let k(v) = v**3 - 2*v**2 - 5*v + 6. Suppose -5 = -2*j + 3. What is the remainder when k(j) is divided by t?
8
Let a = 15 + 2. Let p = a - 3. What is the remainder when p is divided by 6?
2
Suppose 317 = 2*q - 99. Calculate the remainder when q/12*3/2 is divided by 9.
8
Let d(u) be the second derivative of 4*u**3/3 + u**2 - u. What is the remainder when d(2) is divided by 10?
8
Let j = 9 - 7. Suppose 0 = j*s - 0*s. Let u = 16 + s. What is the remainder when u is divided by 9?
7
Suppose 5*d = 12*d - 161. Calculate the remainder when 183 is divided by d.
22
Let n = -8 - -29. What is the remainder when 82 is divided by n?
19
Suppose -20 = -8*u + 7*u. Suppose 3*p = -5*q - 11, 0 = -5*p + 3*q - 4*q - 11. What is the remainder when (-2 - 110/4)*p is divided by u?
19
Let f = -4 + 27. What is the remainder when f is divided by 14?
9
Let l = 5 + -22. Calculate the remainder when 67 is divided by (1 + -2)*l*1.
16
Let m be 9/(((-6)/4)/(-1)). Calculate the remainder when 46 is divided by 13 + 5 + m/(-3).
14
Suppose 103 = 5*l + x + x, -2*l + 2*x = -30. Suppose 0*v = 5*v - 275. What is the remainder when v is divided by l?
17
Calculate the remainder when (0 + 16)/(1/2) is divided by 7.
4
Suppose 30 - 4 = -2*m. Let x = m + 23. Let n = 4 + 25. Calculate the remainder when n is divided by x.
9
Suppose 0 = 3*o + 5*h - 2*h - 360, -364 = -3*o + h. What is the remainder when o is divided by 31?
28
Suppose -34 = -4*t - 10. Suppose 0 = -4*k + 4*b + 64, -4*k - 1 + 60 = -3*b. Calculate the remainder when k is divided by t.
5
Suppose -49*z + 30 = -43*z. Calculate the remainder when z is divided by (0/(-3))/(-2) - -2.
1
Suppose q + 54 = -5*l + 137, -41 = -2*l - 3*q. Calculate the remainder when -60*1/(2/(-1)) is divided by l.
14
Suppose 3*j + 0 - 6 = 0. What is the remainder when 2 is divided by j?
0
Let z = 8 - 15. Let f = z + 53. What is the remainder when f is divided by 24?
22
Let b(r) = -2*r**3 - 3*r**2 + 5*r + 5. Let v be b(-4). Suppose -2*y + 87 + v = 0. Calculate the remainder when y is divided by 26.
24
Suppose 0 = -3*n + 16 + 2. What is the remainder when n is divided by 5?
1
Suppose 7*l - 426 = 5*l. Calculate the remainder when l is divided by 43.
41
Let j(v) = v**2 - 24*v - 18. What is the remainder when 96 is divided by j(26)?
28
Suppose y + 2*p - 16 = 3*p, 46 = 3*y - 2*p. What is the remainder when 55 is divided by y?
13
Suppose 72 - 262 = -5*b. Suppose 4*h + b = 6*h. What is the remainder when 73 is divided by h?
16
Let t = 177 + -132. Calculate the remainder when t is divided by 24.
21
Let h = -30 + 55. Suppose 4*r = 2*c + 34, -22 = r - 3*r - 4*c. Suppose -a + 2*a = r. What is the remainder when h is divided by a?
7
Suppose -2*t + 5 = s, -3 = -2*t + t - s. Suppose -t*w = -6*w + 4. What is the remainder when 3 is divided by w?
0
Let m(c) = c**3 + 8*c**2 + 7*c + 1. Suppose -4*w - 1 = 5*u - 0, 3*w = -3*u. What is the remainder when w is divided by m(-7)?
0
Let q(i) = -i**2 - 7*i + 8. Calculate the remainder when 38 is divided by q(-7).
6
Let b(w) = 2*w**2 + w + 2. What is the remainder when b(-3) is divided by 10?
7
Suppose 0 = -c + t + 23 - 68, 3*c + 147 = -t. What is the remainder when 27 is divided by (10/(-8))/(4/c)?
12
Suppose -7 = 5*t - 37. Let b(f) = 2*f - 6. Let a be b(t). Let l = a + -2. What is the remainder when l is divide